st common divisor of w and 208?
16
Suppose 7*w = 107 - 44. Let l(g) = g**2 + 4. Let m be l(0). Suppose 4 = -m*p, 6*p = 3*k + p - 194. Calculate the highest common divisor of k and w.
9
Let p(g) = 78*g**2 + 4*g + 5. Let y be p(7). Let a be (2/(-6))/(5/y). Let n = -103 - a. Calculate the greatest common factor of 14 and n.
14
Suppose -64 = -46*j + 442. What is the highest common divisor of j and 8?
1
Let x be (-1)/(-1) + (2 - -88). Calculate the greatest common divisor of x and 2093.
91
Let n be 9/(-108) - 1687/(-84). Let l be -3 - (0 - (2 - -11)). What is the greatest common factor of l and n?
10
Let y(g) = g**2 - g + 8. Let d be y(9). Suppose 0 = 9*n - 13*n + d. What is the greatest common divisor of 4 and n?
4
Let c be (-1 - 1)*(-10)/4. Let s(f) = -7*f + 21. Let t be s(9). Let a = 44 + t. Calculate the highest common factor of c and a.
1
Suppose -4*l + 171 = -49. Let j = -50 + l. Calculate the greatest common divisor of 55 and j.
5
Suppose -y - 3*j + 93 = 0, 9*y - 5*j = 11*y - 183. What is the greatest common divisor of 105 and y?
21
Suppose -2*h = -177 + 51. Let d = 31 - 22. Suppose -d = -0*z - z. Calculate the greatest common divisor of z and h.
9
Let n = 106 - 67. Let l be (8/(-2))/(4/(-26)). Calculate the greatest common divisor of n and l.
13
Let h = -28 - -32. Let a be 2/8 - (1 + (-543)/h). What is the highest common divisor of a and 27?
27
Suppose 3*p = 6*p - 15. Suppose -p*h + 10*h = 605. Suppose 3*t + 33 = 6*t. Calculate the highest common divisor of h and t.
11
Suppose 4*n + 160 = 8*n. Suppose 41*h - n*h = 54. What is the highest common factor of 135 and h?
27
Suppose -2*p + 28 = 82. Let m be 2*p/(-6)*2. What is the highest common factor of m and 18?
18
Let r(f) = 6*f**3 - 17*f + 27. Let w be r(6). Calculate the highest common divisor of 33 and w.
33
Suppose x - 2 = -4*c, -3*c + 2*x = -2*c + 4. Suppose c*t = t - 16. Let r = -198 + 206. What is the greatest common factor of t and r?
8
Let s(p) = -p**3 + 5*p**2 + 11*p - 10. Let k be s(5). Let h = k - 34. Calculate the greatest common divisor of h and 143.
11
Let q(g) = g**3 - 3*g**2 - 17*g + 2. Let u be q(8). Let m = -74 + u. What is the greatest common factor of m and 16?
16
Let s(r) = -r**2 + 19*r + 27. Let v be s(20). Suppose u = -v*u + 248. What is the highest common divisor of 93 and u?
31
Let g = 39 + -37. Suppose -g*a + 18 = 2*d - 4*a, 0 = -3*d - 5*a + 67. What is the highest common divisor of 112 and d?
14
Suppose 2*i - 15*n + 12*n = 29, i - 14 = n. What is the greatest common divisor of 13 and i?
13
Let t = -810 - -1150. Calculate the highest common factor of t and 160.
20
Suppose 3*j = 2*h + 5*j + 192, -4*j - 184 = 2*h. Let d be 7/2 + 1/(-2). Let v be h*(-2 + d - 2). Calculate the greatest common factor of v and 20.
20
Let l be ((-414)/9 - -9)*-1. Calculate the greatest common divisor of 592 and l.
37
Suppose -3*q + 21 = -0*q. Let f = 749 - 637. Calculate the highest common factor of f and q.
7
Let t(z) = z**3 - 22*z**2 + 35*z - 66. Let r be t(21). Calculate the greatest common divisor of r and 266.
38
Let n = -443 + 467. Calculate the highest common factor of n and 564.
12
Suppose 12*d = 15*d - 105. Calculate the greatest common divisor of d and 14.
7
Let p be (-11 - (-95)/10) + (-815)/(-2). Calculate the highest common divisor of 58 and p.
58
Let h be (516/(-36))/(1/(-3)). Calculate the highest common factor of 1032 and h.
43
Suppose -5*l - j + 46 = -209, -2*l = -3*j - 102. What is the greatest common divisor of l and 17?
17
Let w(r) be the second derivative of 41*r**3/6 + r**2/2 - 7*r. Let d be w(1). Let g = 90 - d. What is the greatest common factor of g and 8?
8
Suppose 1 = -c - a - 1, 2*c + 5*a = -19. Suppose 160 = -c*q + 13*q. Suppose 534 = 4*k + 86. Calculate the greatest common divisor of q and k.
16
Suppose 0 = -11*t + 2041 + 863. Calculate the highest common divisor of t and 168.
24
Suppose 31 = 5*o - 54. Let u = o - 12. Suppose 6*a = 25 + 5. Calculate the greatest common factor of a and u.
5
Let v = -446 - -546. What is the highest common factor of 4 and v?
4
Let a = 10 - 6. Suppose 4*s + 99 = f, 0 = 4*s + 2*f - 42 + 144. Let d = -23 - s. What is the greatest common divisor of a and d?
2
Suppose -j - 1 = -2. Suppose -p + 148 - 48 = 5*u, 0 = -5*p. Suppose 2*o - 5*g - 1 = 0, 4*g = 4*o - 0*o - u. What is the greatest common divisor of j and o?
1
Suppose 0*k - 18*k = -72. Calculate the greatest common factor of k and 32.
4
Let r be -1 - (-3)/(3/(-103)). Let k = r - -71. Let u = -3 - k. What is the highest common divisor of 45 and u?
15
Suppose -l = -3*o - 78, 2*o - 179 = -2*l - l. What is the highest common factor of l and 357?
21
Let a = -212 - -213. Suppose 0 = 5*g + 4*c - 28, 0*g - 3*g - 5*c + 22 = 0. Calculate the greatest common factor of g and a.
1
Let l = 6 + -9. Let k be (-2 - 23)*l/15. Suppose -35 - 190 = -k*u. Calculate the greatest common factor of u and 5.
5
Let t be (-10)/(-45) + (-83)/9. Let a = t + 11. Suppose a*v + 4*g - 111 = 3*g, -60 = -v + 4*g. What is the highest common divisor of 7 and v?
7
Let u(y) = 5*y. Let l = 2 - 3. Let g be u(l). Let w be (-2256)/(-40) + 2/g. Calculate the greatest common factor of 7 and w.
7
Suppose -33 = 9*g + 102. Suppose -l + 4*l + 30 = 0. Let d = l - g. What is the greatest common divisor of 35 and d?
5
Let g(k) = 37*k - 65. Let f be g(3). Let z be 70 + (2/(-1) - -1). What is the highest common factor of f and z?
23
Let l = 1 + 32. What is the highest common factor of l and 3?
3
Let y = 135 + -135. Suppose y = 2*d + 5*d - 2184. Suppose -g + 2*g = -3*i + 121, 4*i = -2*g + 164. Calculate the greatest common factor of d and i.
39
Suppose 16 - 4 = -3*c, 16 = 4*m + 5*c. Let x be 42/m*(-30)/(-7). Suppose -89 = -3*p + 61. Calculate the greatest common divisor of x and p.
10
Suppose 13*g - 21 = 6*g. What is the greatest common divisor of g and 21?
3
Let r be 11556/21 - (-14)/(-49). What is the highest common factor of 50 and r?
50
Let q be 763/3 + 60/36. What is the greatest common divisor of 16 and q?
16
Suppose -3*t + 1010 + 961 = 0. Calculate the greatest common factor of 9 and t.
9
Suppose 13*c - 2209 = 2003. Calculate the greatest common divisor of 24 and c.
12
Let k = -21 + 33. Let f = 49 + -91. Let j be 184/7 + k/f. Calculate the greatest common factor of j and 52.
26
Let l = -2091 - -2269. What is the highest common factor of 4 and l?
2
Suppose 0 = -0*i - 2*i + 14. What is the greatest common divisor of i and 6?
1
Let g(y) be the third derivative of 0 + 4*y**2 - 1/24*y**4 + 0*y + 1/3*y**3. Let h be g(-8). What is the greatest common factor of h and 30?
10
Let m be 3 + 6 + 2 + 3. Let a(n) = n**2 + 3. Let v be a(5). Calculate the highest common divisor of m and v.
14
Let c(x) = -x**2 + 28*x - 41. Suppose 4*u = 3*y + 105, -y = -3*u - 3*y + 66. Let i be c(u). Calculate the highest common factor of 33 and i.
11
Let t(w) be the third derivative of w**4/3 - 25*w**3/2 - 2*w**2 - 2*w. Let m be t(11). Let i = -207 - -311. Calculate the highest common factor of m and i.
13
Suppose 0 = 15*l - 10 - 20. Suppose 3*x - l*u = 160, -37 + 112 = 2*x + 5*u. Calculate the highest common factor of x and 2.
2
Suppose 4*n = 194 + 518. What is the greatest common factor of n and 89?
89
Suppose -2*s + 105 = -3*k, -5*s + 8*s - 150 = -3*k. Suppose -p = 5*w - 81, 5*p + 38 = 3*w - 33. What is the greatest common factor of w and s?
17
Suppose -5*f - 3*v + 950 = 0, 3*v = 5*f - v - 950. Let g = f - 14. Calculate the highest common divisor of g and 16.
16
Let w(q) = q**2 + 12*q - 12. Let a be w(-13). Let u be 168/(4 - a)*2. Let n be (2/(-6) - 1)*-12. What is the greatest common divisor of u and n?
16
Let v(p) = p**3 - 9*p**2 + 5*p + 3. Let a be v(9). Suppose 4*m - a = 3*m. What is the greatest common factor of 6 and m?
6
Let r(a) = -18*a + 3. Let p be r(-2). Let q be ((-138)/12)/((-3)/6). Let v = p - q. What is the greatest common divisor of v and 128?
16
Let k(q) = -q**2 + 11*q - 11. Let p be k(6). Suppose -7*g + p + 121 = 0. Let c = -28 - -48. What is the greatest common divisor of g and c?
20
Let a(o) = -2*o + 5. Let d be a(-4). Let t = 25 - d. Let g(h) = h**2 - 27*h + 50. Let s be g(26). What is the greatest common factor of t and s?
12
Let g(f) = f - 1686. Let j be g(0). Let l be ((-7)/((-35)/6))/((-4)/40). Let d be (-1)/2 + j/l. What is the h